{"id":16019,"date":"2023-02-16T07:27:34","date_gmt":"2023-02-16T06:27:34","guid":{"rendered":"https:\/\/www.afa-arbitrage.com\/?post_type=documentations&#038;p=16019"},"modified":"2023-02-16T07:27:35","modified_gmt":"2023-02-16T06:27:35","slug":"journal-special-des-societes-du-16-juin-2018","status":"publish","type":"documentations","link":"https:\/\/www.afa-arbitrage.com\/es\/documentations\/journal-special-des-societes-du-16-juin-2018\/","title":{"rendered":"Journal Sp\u00e9cial des Soci\u00e9t\u00e9s du 16 juin 2018"},"content":{"rendered":"\n<p>D\u00eener d\u00e9bat\u00a0<a href=\"https:\/\/www.afa-arbitrage.com\/wp-content\/uploads\/2018\/07\/journal_special_des_societes_diner_debat_afa_2018.pdf\" target=\"_blank\" rel=\"noreferrer noopener\"><em>Le contr\u00f4le des sentences par le juge \u00e9tatique. Jusqu\u2019o\u00f9 ira-t-il ?\u00a0<\/em><\/a>par Thomas CLay.<\/p>\n","protected":false},"excerpt":{"rendered":"<p>D\u00eener d\u00e9bat\u00a0Le contr\u00f4le des sentences par le juge \u00e9tatique. Jusqu\u2019o\u00f9 ira-t-il ?\u00a0par Thomas CLay.<\/p>\n","protected":false},"author":21,"featured_media":0,"parent":0,"template":"","documentation_category":[],"class_list":["post-16019","documentations","type-documentations","status-publish","hentry","entry"],"yoast_head":"<!-- This site is optimized with the Yoast SEO plugin v27.3 - https:\/\/yoast.com\/product\/yoast-seo-wordpress\/ -->\n<title>Journal Sp\u00e9cial des Soci\u00e9t\u00e9s du 16 juin 2018 - Association Fran\u00e7aise d&#039;Arbitrage<\/title>\n<meta name=\"robots\" content=\"index, follow, max-snippet:-1, max-image-preview:large, max-video-preview:-1\" \/>\n<link rel=\"canonical\" href=\"https:\/\/www.afa-arbitrage.com\/es\/documentations\/journal-special-des-societes-du-16-juin-2018\/\" \/>\n<meta property=\"og:locale\" content=\"es_ES\" \/>\n<meta property=\"og:type\" content=\"article\" \/>\n<meta property=\"og:title\" content=\"Journal Sp\u00e9cial des Soci\u00e9t\u00e9s du 16 juin 2018 - Association Fran\u00e7aise d&#039;Arbitrage\" \/>\n<meta property=\"og:description\" content=\"D\u00eener d\u00e9bat\u00a0Le contr\u00f4le des sentences par le juge \u00e9tatique. Jusqu\u2019o\u00f9 ira-t-il ?\u00a0par Thomas CLay.\" \/>\n<meta property=\"og:url\" content=\"https:\/\/www.afa-arbitrage.com\/documentations\/journal-special-des-societes-du-16-juin-2018\/\" \/>\n<meta property=\"og:site_name\" content=\"Association Fran\u00e7aise d&#039;Arbitrage\" \/>\n<meta property=\"article:modified_time\" content=\"2023-02-16T06:27:35+00:00\" \/>\n<meta name=\"twitter:card\" content=\"summary_large_image\" \/>\n<meta name=\"twitter:label1\" content=\"Tiempo de lectura\" \/>\n\t<meta name=\"twitter:data1\" content=\"1 minuto\" \/>\n<script type=\"application\/ld+json\" class=\"yoast-schema-graph\">{\"@context\":\"https:\\\/\\\/schema.org\",\"@graph\":[{\"@type\":\"WebPage\",\"@id\":\"https:\\\/\\\/www.afa-arbitrage.com\\\/documentations\\\/journal-special-des-societes-du-16-juin-2018\\\/\",\"url\":\"https:\\\/\\\/www.afa-arbitrage.com\\\/documentations\\\/journal-special-des-societes-du-16-juin-2018\\\/\",\"name\":\"Journal Sp\u00e9cial des Soci\u00e9t\u00e9s du 16 juin 2018 - Association Fran\u00e7aise d&#039;Arbitrage\",\"isPartOf\":{\"@id\":\"https:\\\/\\\/www.afa-arbitrage.com\\\/#website\"},\"datePublished\":\"2023-02-16T06:27:34+00:00\",\"dateModified\":\"2023-02-16T06:27:35+00:00\",\"breadcrumb\":{\"@id\":\"https:\\\/\\\/www.afa-arbitrage.com\\\/documentations\\\/journal-special-des-societes-du-16-juin-2018\\\/#breadcrumb\"},\"inLanguage\":\"es\",\"potentialAction\":[{\"@type\":\"ReadAction\",\"target\":[\"https:\\\/\\\/www.afa-arbitrage.com\\\/documentations\\\/journal-special-des-societes-du-16-juin-2018\\\/\"]}]},{\"@type\":\"BreadcrumbList\",\"@id\":\"https:\\\/\\\/www.afa-arbitrage.com\\\/documentations\\\/journal-special-des-societes-du-16-juin-2018\\\/#breadcrumb\",\"itemListElement\":[{\"@type\":\"ListItem\",\"position\":1,\"name\":\"Bienvenida\",\"item\":\"\\\/es\"},{\"@type\":\"ListItem\",\"position\":2,\"name\":\"Documentations\",\"item\":\"https:\\\/\\\/www.afa-arbitrage.com\\\/documentations\\\/\"},{\"@type\":\"ListItem\",\"position\":3,\"name\":\"Journal Sp\u00e9cial des Soci\u00e9t\u00e9s du 16 juin 2018\"}]},{\"@type\":\"WebSite\",\"@id\":\"https:\\\/\\\/www.afa-arbitrage.com\\\/#website\",\"url\":\"https:\\\/\\\/www.afa-arbitrage.com\\\/\",\"name\":\"Association Fran\u00e7aise d'Arbitrage\",\"description\":\"Arbitrage interne et international\",\"publisher\":{\"@id\":\"https:\\\/\\\/www.afa-arbitrage.com\\\/#organization\"},\"potentialAction\":[{\"@type\":\"SearchAction\",\"target\":{\"@type\":\"EntryPoint\",\"urlTemplate\":\"https:\\\/\\\/www.afa-arbitrage.com\\\/?s={search_term_string}\"},\"query-input\":{\"@type\":\"PropertyValueSpecification\",\"valueRequired\":true,\"valueName\":\"search_term_string\"}}],\"inLanguage\":\"es\"},{\"@type\":\"Organization\",\"@id\":\"https:\\\/\\\/www.afa-arbitrage.com\\\/#organization\",\"name\":\"Association Fran\u00e7aise d'Arbitrage\",\"url\":\"https:\\\/\\\/www.afa-arbitrage.com\\\/\",\"logo\":{\"@type\":\"ImageObject\",\"inLanguage\":\"es\",\"@id\":\"https:\\\/\\\/www.afa-arbitrage.com\\\/#\\\/schema\\\/logo\\\/image\\\/\",\"url\":\"https:\\\/\\\/www.afa-arbitrage.com\\\/wp-content\\\/uploads\\\/2023\\\/02\\\/AFA_logo_header_clear_long.png\",\"contentUrl\":\"https:\\\/\\\/www.afa-arbitrage.com\\\/wp-content\\\/uploads\\\/2023\\\/02\\\/AFA_logo_header_clear_long.png\",\"width\":500,\"height\":60,\"caption\":\"Association Fran\u00e7aise d'Arbitrage\"},\"image\":{\"@id\":\"https:\\\/\\\/www.afa-arbitrage.com\\\/#\\\/schema\\\/logo\\\/image\\\/\"}}]}<\/script>\n<!-- \/ Yoast SEO plugin. -->","yoast_head_json":{"title":"Journal Sp\u00e9cial des Soci\u00e9t\u00e9s du 16 juin 2018 - Association Fran\u00e7aise d&#039;Arbitrage","robots":{"index":"index","follow":"follow","max-snippet":"max-snippet:-1","max-image-preview":"max-image-preview:large","max-video-preview":"max-video-preview:-1"},"canonical":"https:\/\/www.afa-arbitrage.com\/es\/documentations\/journal-special-des-societes-du-16-juin-2018\/","og_locale":"es_ES","og_type":"article","og_title":"Journal Sp\u00e9cial des Soci\u00e9t\u00e9s du 16 juin 2018 - Association Fran\u00e7aise d&#039;Arbitrage","og_description":"D\u00eener d\u00e9bat\u00a0Le contr\u00f4le des sentences par le juge \u00e9tatique. Jusqu\u2019o\u00f9 ira-t-il ?\u00a0par Thomas CLay.","og_url":"https:\/\/www.afa-arbitrage.com\/documentations\/journal-special-des-societes-du-16-juin-2018\/","og_site_name":"Association Fran\u00e7aise d&#039;Arbitrage","article_modified_time":"2023-02-16T06:27:35+00:00","twitter_card":"summary_large_image","twitter_misc":{"Tiempo de lectura":"1 minuto"},"schema":{"@context":"https:\/\/schema.org","@graph":[{"@type":"WebPage","@id":"https:\/\/www.afa-arbitrage.com\/documentations\/journal-special-des-societes-du-16-juin-2018\/","url":"https:\/\/www.afa-arbitrage.com\/documentations\/journal-special-des-societes-du-16-juin-2018\/","name":"Journal Sp\u00e9cial des Soci\u00e9t\u00e9s du 16 juin 2018 - Association Fran\u00e7aise d&#039;Arbitrage","isPartOf":{"@id":"https:\/\/www.afa-arbitrage.com\/#website"},"datePublished":"2023-02-16T06:27:34+00:00","dateModified":"2023-02-16T06:27:35+00:00","breadcrumb":{"@id":"https:\/\/www.afa-arbitrage.com\/documentations\/journal-special-des-societes-du-16-juin-2018\/#breadcrumb"},"inLanguage":"es","potentialAction":[{"@type":"ReadAction","target":["https:\/\/www.afa-arbitrage.com\/documentations\/journal-special-des-societes-du-16-juin-2018\/"]}]},{"@type":"BreadcrumbList","@id":"https:\/\/www.afa-arbitrage.com\/documentations\/journal-special-des-societes-du-16-juin-2018\/#breadcrumb","itemListElement":[{"@type":"ListItem","position":1,"name":"Bienvenida","item":"\/es"},{"@type":"ListItem","position":2,"name":"Documentations","item":"https:\/\/www.afa-arbitrage.com\/documentations\/"},{"@type":"ListItem","position":3,"name":"Journal Sp\u00e9cial des Soci\u00e9t\u00e9s du 16 juin 2018"}]},{"@type":"WebSite","@id":"https:\/\/www.afa-arbitrage.com\/#website","url":"https:\/\/www.afa-arbitrage.com\/","name":"Association Fran\u00e7aise d'Arbitrage","description":"Arbitrage interne et international","publisher":{"@id":"https:\/\/www.afa-arbitrage.com\/#organization"},"potentialAction":[{"@type":"SearchAction","target":{"@type":"EntryPoint","urlTemplate":"https:\/\/www.afa-arbitrage.com\/?s={search_term_string}"},"query-input":{"@type":"PropertyValueSpecification","valueRequired":true,"valueName":"search_term_string"}}],"inLanguage":"es"},{"@type":"Organization","@id":"https:\/\/www.afa-arbitrage.com\/#organization","name":"Association Fran\u00e7aise d'Arbitrage","url":"https:\/\/www.afa-arbitrage.com\/","logo":{"@type":"ImageObject","inLanguage":"es","@id":"https:\/\/www.afa-arbitrage.com\/#\/schema\/logo\/image\/","url":"https:\/\/www.afa-arbitrage.com\/wp-content\/uploads\/2023\/02\/AFA_logo_header_clear_long.png","contentUrl":"https:\/\/www.afa-arbitrage.com\/wp-content\/uploads\/2023\/02\/AFA_logo_header_clear_long.png","width":500,"height":60,"caption":"Association Fran\u00e7aise d'Arbitrage"},"image":{"@id":"https:\/\/www.afa-arbitrage.com\/#\/schema\/logo\/image\/"}}]}},"_links":{"self":[{"href":"https:\/\/www.afa-arbitrage.com\/es\/wp-json\/wp\/v2\/documentations\/16019\/"}],"collection":[{"href":"https:\/\/www.afa-arbitrage.com\/es\/wp-json\/wp\/v2\/documentations\/"}],"about":[{"href":"https:\/\/www.afa-arbitrage.com\/es\/wp-json\/wp\/v2\/types\/documentations\/"}],"author":[{"embeddable":true,"href":"https:\/\/www.afa-arbitrage.com\/es\/wp-json\/wp\/v2\/users\/21\/"}],"wp:attachment":[{"href":"https:\/\/www.afa-arbitrage.com\/es\/wp-json\/wp\/v2\/media\/?parent=16019"}],"wp:term":[{"taxonomy":"documentation_category","embeddable":true,"href":"https:\/\/www.afa-arbitrage.com\/es\/wp-json\/wp\/v2\/documentation_category\/?post=16019"}],"curies":[{"name":"wp","href":"https:\/\/api.w.org\/{rel}","templated":true}]}}

Journal Spécial des Sociétés du 16 juin 2018

<p>Dîner débat <a href="https://www.afa-arbitrage.com/wp-content/uploads/2018/07/journal_special_des_societes_diner_debat_afa_2018.pdf" target="_blank" rel="noreferrer noopener"><em>Le contrôle des sentences par le juge étatique. Jusqu’où ira-t-il ? </em></a>par Thomas CLay.</p>

<p>Dîner débat Le contrôle des sentences par le juge étatique. Jusqu’où ira-t-il ? par Thomas CLay.</p>

<!-- This site is optimized with the Yoast SEO plugin v27.3 - https://yoast.com/product/yoast-seo-wordpress/ -->
<title>Journal Spécial des Sociétés du 16 juin 2018 - Association Française d&#039;Arbitrage</title>
<meta name="robots" content="index, follow, max-snippet:-1, max-image-preview:large, max-video-preview:-1" />
<link rel="canonical" href="https://www.afa-arbitrage.com/es/documentations/journal-special-des-societes-du-16-juin-2018/" />
<meta property="og:locale" content="es_ES" />
<meta property="og:type" content="article" />
<meta property="og:title" content="Journal Spécial des Sociétés du 16 juin 2018 - Association Française d&#039;Arbitrage" />
<meta property="og:description" content="Dîner débat Le contrôle des sentences par le juge étatique. Jusqu’où ira-t-il ? par Thomas CLay." />
<meta property="og:url" content="https://www.afa-arbitrage.com/documentations/journal-special-des-societes-du-16-juin-2018/" />
<meta property="og:site_name" content="Association Française d&#039;Arbitrage" />
<meta property="article:modified_time" content="2023-02-16T06:27:35+00:00" />
<meta name="twitter:card" content="summary_large_image" />
<meta name="twitter:label1" content="Tiempo de lectura" />
	<meta name="twitter:data1" content="1 minuto" />
<script type="application/ld+json" class="yoast-schema-graph">{"@context":"https:\/\/schema.org","@graph":[{"@type":"WebPage","@id":"https:\/\/www.afa-arbitrage.com\/documentations\/journal-special-des-societes-du-16-juin-2018\/","url":"https:\/\/www.afa-arbitrage.com\/documentations\/journal-special-des-societes-du-16-juin-2018\/","name":"Journal Spécial des Sociétés du 16 juin 2018 - Association Française d&#039;Arbitrage","isPartOf":{"@id":"https:\/\/www.afa-arbitrage.com\/#website"},"datePublished":"2023-02-16T06:27:34+00:00","dateModified":"2023-02-16T06:27:35+00:00","breadcrumb":{"@id":"https:\/\/www.afa-arbitrage.com\/documentations\/journal-special-des-societes-du-16-juin-2018\/#breadcrumb"},"inLanguage":"es","potentialAction":[{"@type":"ReadAction","target":["https:\/\/www.afa-arbitrage.com\/documentations\/journal-special-des-societes-du-16-juin-2018\/"]}]},{"@type":"BreadcrumbList","@id":"https:\/\/www.afa-arbitrage.com\/documentations\/journal-special-des-societes-du-16-juin-2018\/#breadcrumb","itemListElement":[{"@type":"ListItem","position":1,"name":"Bienvenida","item":"\/es"},{"@type":"ListItem","position":2,"name":"Documentations","item":"https:\/\/www.afa-arbitrage.com\/documentations\/"},{"@type":"ListItem","position":3,"name":"Journal Spécial des Sociétés du 16 juin 2018"}]},{"@type":"WebSite","@id":"https:\/\/www.afa-arbitrage.com\/#website","url":"https:\/\/www.afa-arbitrage.com\/","name":"Association Française d'Arbitrage","description":"Arbitrage interne et international","publisher":{"@id":"https:\/\/www.afa-arbitrage.com\/#organization"},"potentialAction":[{"@type":"SearchAction","target":{"@type":"EntryPoint","urlTemplate":"https:\/\/www.afa-arbitrage.com\/?s={search_term_string}"},"query-input":{"@type":"PropertyValueSpecification","valueRequired":true,"valueName":"search_term_string"}}],"inLanguage":"es"},{"@type":"Organization","@id":"https:\/\/www.afa-arbitrage.com\/#organization","name":"Association Française d'Arbitrage","url":"https:\/\/www.afa-arbitrage.com\/","logo":{"@type":"ImageObject","inLanguage":"es","@id":"https:\/\/www.afa-arbitrage.com\/#\/schema\/logo\/image\/","url":"https:\/\/www.afa-arbitrage.com\/wp-content\/uploads\/2023\/02\/AFA_logo_header_clear_long.png","contentUrl":"https:\/\/www.afa-arbitrage.com\/wp-content\/uploads\/2023\/02\/AFA_logo_header_clear_long.png","width":500,"height":60,"caption":"Association Française d'Arbitrage"},"image":{"@id":"https:\/\/www.afa-arbitrage.com\/#\/schema\/logo\/image\/"}}]}</script>
<!-- / Yoast SEO plugin. -->

Journal Spécial des Sociétés du 16 juin 2018 - Association Française d&#039;Arbitrage

Dîner débat Le contrôle des sentences par le juge étatique. Jusqu’où ira-t-il ? par Thomas CLay.

Association Française d&#039;Arbitrage

Association Française d'Arbitrage
